{"id":73,"date":"2022-09-23T17:00:29","date_gmt":"2022-09-23T17:00:29","guid":{"rendered":"https:\/\/atelierkaraka.com\/?page_id=73"},"modified":"2024-08-09T11:54:55","modified_gmt":"2024-08-09T10:54:55","slug":"contact","status":"publish","type":"page","link":"https:\/\/atelierkaraka.com\/pt\/contact\/","title":{"rendered":"Contacto"},"content":{"rendered":"<p>Our atelier is located in <a rel=\"noreferrer noopener\" href=\"https:\/\/www.instagram.com\/aroestudio.p\/\" target=\"_blank\"><strong>Aro Studio<\/strong><\/a> in Porto. You are welcome to visit us by appointment.<\/p>\n\n\n\n<h3 class=\"wp-block-heading\">Gostavas de conhecer o nosso espa\u00e7o de trabalho e tomar um ch\u00e1 na nossa companhia?<\/h3>\n\n\n\n<p class=\"sans-serif arrow-link\"><a href=\"mailto:hello@atelierkaraka.com?subject=Visitas ao atelier\" target=\"_blank\" rel=\"noreferrer noopener\">Visitas ao atelier<\/a><\/p>\n\n\n\n<h3 class=\"wp-block-heading\">Gostavas de conhecer o nosso espa\u00e7o e ainda aprender connosco num workshop privado?<\/h3>\n\n\n\n<p class=\"sans-serif arrow-link\"><a href=\"https:\/\/atelierkaraka.com\/pt\/workshops\/#private-workshops\" target=\"_blank\" rel=\"noreferrer noopener\">Workshops privados<\/a><\/p>\n\n\n\n<h3 class=\"wp-block-heading\">Tens alguma quest\u00e3o sobre projetos \u00e0 medida ou ideias de colabora\u00e7\u00e3o?<\/h3>\n\n\n\n<p class=\"sans-serif arrow-link\"><a href=\"mailto:hello@atelierkaraka.com?subject=Apresenta-te\" target=\"_blank\" rel=\"noreferrer noopener\">Apresenta-te<\/a><\/p>\n\n\n\n<h3 class=\"wp-block-heading\">Est\u00e1s interessado em vender os nossos produtos ou desenvolver uma cole\u00e7\u00e3o exclusiva para revenda?<\/h3>\n\n\n\n<p class=\"sans-serif arrow-link\"><a href=\"https:\/\/atelierkaraka.com\/pt\/retailers\/\" data-type=\"page\" data-id=\"79\" target=\"_blank\" rel=\"noreferrer noopener\">Pontos de venda<\/a><\/p>\n\n\n\n<h3 class=\"wp-block-heading\">Gostavas de dar a conhecer o nosso trabalho?<\/h3>\n\n\n\n<p class=\"sans-serif arrow-link\"><a href=\"https:\/\/atelierkaraka.com\/pt\/press\/\" data-type=\"page\" data-id=\"81\" target=\"_blank\" rel=\"noreferrer noopener\">Press<\/a><\/p>","protected":false},"excerpt":{"rendered":"<p>Our atelier is located in Vila Nova de Gaia, about 15 minutes away from the centre of Porto. Would you like to know our workspace and join us for tea?<\/p>","protected":false},"author":1,"featured_media":792,"parent":0,"menu_order":0,"comment_status":"closed","ping_status":"closed","template":"","meta":{"inline_featured_image":false},"_links":{"self":[{"href":"https:\/\/atelierkaraka.com\/pt\/wp-json\/wp\/v2\/pages\/73"}],"collection":[{"href":"https:\/\/atelierkaraka.com\/pt\/wp-json\/wp\/v2\/pages"}],"about":[{"href":"https:\/\/atelierkaraka.com\/pt\/wp-json\/wp\/v2\/types\/page"}],"author":[{"embeddable":true,"href":"https:\/\/atelierkaraka.com\/pt\/wp-json\/wp\/v2\/users\/1"}],"replies":[{"embeddable":true,"href":"https:\/\/atelierkaraka.com\/pt\/wp-json\/wp\/v2\/comments?post=73"}],"version-history":[{"count":16,"href":"https:\/\/atelierkaraka.com\/pt\/wp-json\/wp\/v2\/pages\/73\/revisions"}],"predecessor-version":[{"id":1175,"href":"https:\/\/atelierkaraka.com\/pt\/wp-json\/wp\/v2\/pages\/73\/revisions\/1175"}],"wp:featuredmedia":[{"embeddable":true,"href":"https:\/\/atelierkaraka.com\/pt\/wp-json\/wp\/v2\/media\/792"}],"wp:attachment":[{"href":"https:\/\/atelierkaraka.com\/pt\/wp-json\/wp\/v2\/media?parent=73"}],"curies":[{"name":"wp","href":"https:\/\/api.w.org\/{rel}","templated":true}]}}

<p>Our atelier is located in <a rel="noreferrer noopener" href="https://www.instagram.com/aroestudio.p/" target="_blank"><strong>Aro Studio</strong></a> in Porto. You are welcome to visit us by appointment.</p>



<h3 class="wp-block-heading">Gostavas de conhecer o nosso espaço de trabalho e tomar um chá na nossa companhia?</h3>



<p class="sans-serif arrow-link"><a href="mailto:hello@atelierkaraka.com?subject=Visitas ao atelier" target="_blank" rel="noreferrer noopener">Visitas ao atelier</a></p>



<h3 class="wp-block-heading">Gostavas de conhecer o nosso espaço e ainda aprender connosco num workshop privado?</h3>



<p class="sans-serif arrow-link"><a href="https://atelierkaraka.com/pt/workshops/#private-workshops" target="_blank" rel="noreferrer noopener">Workshops privados</a></p>



<h3 class="wp-block-heading">Tens alguma questão sobre projetos à medida ou ideias de colaboração?</h3>



<p class="sans-serif arrow-link"><a href="mailto:hello@atelierkaraka.com?subject=Apresenta-te" target="_blank" rel="noreferrer noopener">Apresenta-te</a></p>



<h3 class="wp-block-heading">Estás interessado em vender os nossos produtos ou desenvolver uma coleção exclusiva para revenda?</h3>



<p class="sans-serif arrow-link"><a href="https://atelierkaraka.com/pt/retailers/" data-type="page" data-id="79" target="_blank" rel="noreferrer noopener">Pontos de venda</a></p>



<h3 class="wp-block-heading">Gostavas de dar a conhecer o nosso trabalho?</h3>



<p class="sans-serif arrow-link"><a href="https://atelierkaraka.com/pt/press/" data-type="page" data-id="81" target="_blank" rel="noreferrer noopener">Press</a></p>
